{"id":32,"date":"2011-11-29T14:50:23","date_gmt":"2011-11-29T13:50:23","guid":{"rendered":"http:\/\/www2.folkvangboligselskap.no\/?page_id=32"},"modified":"2025-01-21T15:12:25","modified_gmt":"2025-01-21T14:12:25","slug":"digital-tv","status":"publish","type":"page","link":"https:\/\/www.folkvangboligselskap.no\/?page_id=32","title":{"rendered":"Tv og Internett"},"content":{"rendered":"\n<figure class=\"wp-block-image\"><img loading=\"lazy\" decoding=\"async\" width=\"320\" height=\"214\" src=\"http:\/\/www.folkvangboligselskap.no\/wp-content\/uploads\/2019\/05\/image.png\" alt=\"\" class=\"wp-image-1013\" srcset=\"https:\/\/www.folkvangboligselskap.no\/wp-content\/uploads\/2019\/05\/image.png 320w, https:\/\/www.folkvangboligselskap.no\/wp-content\/uploads\/2019\/05\/image-300x201.png 300w\" sizes=\"auto, (max-width: 320px) 100vw, 320px\" \/><\/figure>\n\n\n\n<p><em>Oppdatert 21.01.2025<\/em><\/p>\n\n\n<pre><span style=\"color: #23282d; font-size: 2em; font-weight: 600;\">Internett<\/span><\/pre>\n<p>&laquo;<strong>Homenet har byttet navn til GlobalConnect<\/strong>&raquo;\u00a0<\/p>\n<p>GlobalConnect er leverand\u00f8r av fiber (1000\/1000) Dette vil bli fakturert sammen med fellesutgiftene.<\/p>\n<p>Utstyret man selv har er som regel den st\u00f8rste flaskehalsen. Hvis man tester hastigheten med en smart telefon, s\u00e5 vil man ikke f\u00e5 mer enn <br \/><strong>300-400 Mbits,<\/strong> det er fordi det er tr\u00e5dl\u00f8st.<br \/>Skal man f\u00e5 full hastighet 1000\/1000 Mbits linje, s\u00e5 er det kun mulig via kabel.<br \/>Det er det gamere bruker \ud83d\ude42<\/p>\n<p>Hvis man opplever store problemer, anbefaler vi \u00e5 ringe kundeservice. <br \/>De kan hjelpe med \u00e5 feils\u00f8ke og teste hastigheten.<\/p>\n<p><strong>Hva kan jeg gj\u00f8r for \u00e5 f\u00e5 tilsendt ny oppdatert ruter?<\/strong><br \/><a href=\"https:\/\/minside.globalconnect.no\/login\">https:\/\/minside.globalconnect.no\/login<\/a><br \/>Logg inn eller opprett bruker f\u00f8rst om du ikke er.<\/p>\n<p>N\u00e5r du er innlogget er det \u00e5 f\u00f8lge denne beskrivelsen videre.<\/p>\n<p>Trinn 1.<br \/><a href=\"http:\/\/www.folkvangboligselskap.no\/wp-content\/uploads\/2025\/01\/Skjermbilde-1-1.png\"><img loading=\"lazy\" decoding=\"async\" class=\"alignnone  wp-image-2507\" src=\"http:\/\/www.folkvangboligselskap.no\/wp-content\/uploads\/2025\/01\/Skjermbilde-1-1-300x181.png\" alt=\"\" width=\"590\" height=\"356\" srcset=\"https:\/\/www.folkvangboligselskap.no\/wp-content\/uploads\/2025\/01\/Skjermbilde-1-1-300x181.png 300w, https:\/\/www.folkvangboligselskap.no\/wp-content\/uploads\/2025\/01\/Skjermbilde-1-1-768x462.png 768w, https:\/\/www.folkvangboligselskap.no\/wp-content\/uploads\/2025\/01\/Skjermbilde-1-1-1024x616.png 1024w, https:\/\/www.folkvangboligselskap.no\/wp-content\/uploads\/2025\/01\/Skjermbilde-1-1-498x300.png 498w\" sizes=\"auto, (max-width: 590px) 100vw, 590px\" \/><\/a><\/p>\n<p>Trinn 2.<br \/><a href=\"http:\/\/www.folkvangboligselskap.no\/wp-content\/uploads\/2025\/01\/Skjermbilde-2.png\"><img loading=\"lazy\" decoding=\"async\" class=\"alignnone  wp-image-2509\" src=\"http:\/\/www.folkvangboligselskap.no\/wp-content\/uploads\/2025\/01\/Skjermbilde-2-300x163.png\" alt=\"\" width=\"596\" height=\"324\" srcset=\"https:\/\/www.folkvangboligselskap.no\/wp-content\/uploads\/2025\/01\/Skjermbilde-2-300x163.png 300w, https:\/\/www.folkvangboligselskap.no\/wp-content\/uploads\/2025\/01\/Skjermbilde-2-768x417.png 768w, https:\/\/www.folkvangboligselskap.no\/wp-content\/uploads\/2025\/01\/Skjermbilde-2-1024x557.png 1024w, https:\/\/www.folkvangboligselskap.no\/wp-content\/uploads\/2025\/01\/Skjermbilde-2-500x272.png 500w\" sizes=\"auto, (max-width: 596px) 100vw, 596px\" \/><\/a><br \/>Trinn 3.<br \/><a href=\"http:\/\/www.folkvangboligselskap.no\/wp-content\/uploads\/2025\/01\/Skjermbilde-3.png\"><img loading=\"lazy\" decoding=\"async\" class=\"alignnone  wp-image-2512\" src=\"http:\/\/www.folkvangboligselskap.no\/wp-content\/uploads\/2025\/01\/Skjermbilde-3-300x164.png\" alt=\"\" width=\"587\" height=\"321\" srcset=\"https:\/\/www.folkvangboligselskap.no\/wp-content\/uploads\/2025\/01\/Skjermbilde-3-300x164.png 300w, https:\/\/www.folkvangboligselskap.no\/wp-content\/uploads\/2025\/01\/Skjermbilde-3-768x421.png 768w, https:\/\/www.folkvangboligselskap.no\/wp-content\/uploads\/2025\/01\/Skjermbilde-3-1024x561.png 1024w, https:\/\/www.folkvangboligselskap.no\/wp-content\/uploads\/2025\/01\/Skjermbilde-3-500x274.png 500w\" sizes=\"auto, (max-width: 587px) 100vw, 587px\" \/><\/a><\/p>\n<p>Avslutt med \u00e5 bestille.<\/p>\n<p><strong><br \/>Jeg flytter <br \/><\/strong>Da skal alt utstyr fra oss st\u00e5 igjen til neste beboer, b\u00e5de ruter og modem.<\/p>\n<p>\u00a0<\/p>\n<figure class=\"wp-block-image size-full is-resized\"><a href=\"http:\/\/www.folkvangboligselskap.no\/wp-content\/uploads\/2024\/11\/gc-logo-hor-blue.png\"><img loading=\"lazy\" decoding=\"async\" class=\"alignnone  wp-image-2423\" src=\"http:\/\/www.folkvangboligselskap.no\/wp-content\/uploads\/2024\/11\/gc-logo-hor-blue-300x49.png\" alt=\"\" width=\"184\" height=\"30\" srcset=\"https:\/\/www.folkvangboligselskap.no\/wp-content\/uploads\/2024\/11\/gc-logo-hor-blue-300x49.png 300w, https:\/\/www.folkvangboligselskap.no\/wp-content\/uploads\/2024\/11\/gc-logo-hor-blue-768x125.png 768w, https:\/\/www.folkvangboligselskap.no\/wp-content\/uploads\/2024\/11\/gc-logo-hor-blue-1024x167.png 1024w, https:\/\/www.folkvangboligselskap.no\/wp-content\/uploads\/2024\/11\/gc-logo-hor-blue-500x81.png 500w, https:\/\/www.folkvangboligselskap.no\/wp-content\/uploads\/2024\/11\/gc-logo-hor-blue.png 1498w\" sizes=\"auto, (max-width: 184px) 100vw, 184px\" \/><\/a><br \/><a href=\"https:\/\/globalconnect.no\/kundeservice\/kommer-ikke-pa-nett-fellesfeil\/\">Driftsmeldinger<\/a><br \/>Kontakt telefon <strong><mark class=\"has-inline-color\"><a href=\"tel:+4738990100\" data-type=\"tel\" data-id=\"tel:+4738990100\">+47 389 90 100<\/a><br \/><\/mark><\/strong><a href=\"https:\/\/www.globalconnect.no\/privat\/kundeservice\">Kundeservice \u2013 GlobalConnect<\/a><\/figure>\n<hr \/>\n<pre><span style=\"color: #23282d; font-size: 2em; font-weight: 600;\">TV<\/span><\/pre>\n<p>Tv-signaler kan du f\u00e5 via fiber.<br \/>Om du \u00f8nsker tv pakker er dette noe du selv betaler, det ikke inkludert i fellesutgiftene.<br \/><a href=\"https:\/\/tvpakker.no\/?utm_source=bing&amp;utm_campaign=leverand%C3%B8r&amp;utm_medium=cpc&amp;utm_source=bing_search&amp;utm_medium=c&amp;utm_campaign=264682673-o&amp;utm_content=81982379644651&amp;utm_term=1311717542910175&amp;msclkid=4e33c90918fc1b13dc44aae0e1fa4655\">F\u00e5 tilbud p\u00e5 TV-pakker p\u00e5 din adresse <\/a><\/p>\n<hr \/>\n<pre><span style=\"color: #23282d; font-size: 2em; font-weight: 600;\">Telefon <\/span><\/pre>\n<p>Dersom du trenger fasttelefon (IP-telefon), finnes det en rekke leverand\u00f8rer, s\u00e5 her er det bare \u00e5 google litt \ud83d\ude42<\/p>","protected":false},"excerpt":{"rendered":"<p>Oppdatert 21.01.2025 Internett &laquo;Homenet har byttet navn til GlobalConnect&raquo;\u00a0 GlobalConnect er leverand\u00f8r av fiber (1000\/1000) Dette vil bli fakturert sammen med fellesutgiftene. Utstyret man selv har er som regel den st\u00f8rste flaskehalsen. Hvis man tester hastigheten med en smart telefon, &hellip; <a href=\"https:\/\/www.folkvangboligselskap.no\/?page_id=32\">Les videre <span class=\"meta-nav\">&rarr;<\/span><\/a><\/p>\n","protected":false},"author":104,"featured_media":0,"parent":6,"menu_order":0,"comment_status":"closed","ping_status":"open","template":"sidebar-page.php","meta":{"_monsterinsights_skip_tracking":false,"_monsterinsights_sitenote_active":false,"_monsterinsights_sitenote_note":"","_monsterinsights_sitenote_category":0,"footnotes":""},"class_list":["post-32","page","type-page","status-publish","hentry"],"_links":{"self":[{"href":"https:\/\/www.folkvangboligselskap.no\/index.php?rest_route=\/wp\/v2\/pages\/32","targetHints":{"allow":["GET"]}}],"collection":[{"href":"https:\/\/www.folkvangboligselskap.no\/index.php?rest_route=\/wp\/v2\/pages"}],"about":[{"href":"https:\/\/www.folkvangboligselskap.no\/index.php?rest_route=\/wp\/v2\/types\/page"}],"author":[{"embeddable":true,"href":"https:\/\/www.folkvangboligselskap.no\/index.php?rest_route=\/wp\/v2\/users\/104"}],"replies":[{"embeddable":true,"href":"https:\/\/www.folkvangboligselskap.no\/index.php?rest_route=%2Fwp%2Fv2%2Fcomments&post=32"}],"version-history":[{"count":35,"href":"https:\/\/www.folkvangboligselskap.no\/index.php?rest_route=\/wp\/v2\/pages\/32\/revisions"}],"predecessor-version":[{"id":2517,"href":"https:\/\/www.folkvangboligselskap.no\/index.php?rest_route=\/wp\/v2\/pages\/32\/revisions\/2517"}],"up":[{"embeddable":true,"href":"https:\/\/www.folkvangboligselskap.no\/index.php?rest_route=\/wp\/v2\/pages\/6"}],"wp:attachment":[{"href":"https:\/\/www.folkvangboligselskap.no\/index.php?rest_route=%2Fwp%2Fv2%2Fmedia&parent=32"}],"curies":[{"name":"wp","href":"https:\/\/api.w.org\/{rel}","templated":true}]}}