{"id":1359,"date":"2020-01-15T13:09:37","date_gmt":"2020-01-15T12:09:37","guid":{"rendered":"http:\/\/www.folkvangboligselskap.no\/?page_id=1359"},"modified":"2020-01-16T08:04:47","modified_gmt":"2020-01-16T07:04:47","slug":"beboerparkering","status":"publish","type":"page","link":"https:\/\/www.folkvangboligselskap.no\/?page_id=1359","title":{"rendered":"Beboerparkering"},"content":{"rendered":"\n<figure class=\"wp-block-image is-resized\"><img loading=\"lazy\" decoding=\"async\" src=\"http:\/\/www.folkvangboligselskap.no\/wp-content\/uploads\/2020\/01\/Beboerparkering-1.jpg\" alt=\"\" class=\"wp-image-1360\" width=\"429\" height=\"285\"\/><\/figure>\n\n\n\n<p>Bes\u00f8k Oslo kommune sine sider for \u00e5 ordne med <a href=\"https:\/\/www.oslo.kommune.no\/gate-transport-og-parkering\/parkering\/beboerparkering\/#gref\">beboerparkering.<\/a><br>N\u00e6rmeste gater for \u00e5 parkere er Borger Withs gate og  Brettevilles gate.<br><br><strong>PS.<\/strong><br>Husk det finnes to <strong>T<\/strong>-kryss i Brettevilles gate 5 til 27, hvor man kan risikere parkeringsbot om man st\u00e5r parkert!<br>I dette krysset p\u00e5 bilde er det ogs\u00e5 mange som f\u00e5r bot da de st\u00e5r for n\u00e6re krysset.<br><br>Trafikkreglenes \u00a7 17 &#8211; om stans og parkering &#8211; er det forbudt \u00e5 stanse i veikryss eller n\u00e6rmere enn fem meter fra veikrysset. Avstanden regnes fra det punkt hvor fortauskant, kantlinje eller veikant begynner \u00e5 runde.<br><br>Mvh<br>Vaktmestern <\/p>\n\n\n\n<p><\/p>\n","protected":false},"excerpt":{"rendered":"<p>Bes\u00f8k Oslo kommune sine sider for \u00e5 ordne med beboerparkering.N\u00e6rmeste gater for \u00e5 parkere er Borger Withs gate og Brettevilles gate. PS.Husk det finnes to T-kryss i Brettevilles gate 5 til 27, hvor man kan risikere parkeringsbot om man st\u00e5r &hellip; <a href=\"https:\/\/www.folkvangboligselskap.no\/?page_id=1359\">Les videre <span class=\"meta-nav\">&rarr;<\/span><\/a><\/p>\n","protected":false},"author":104,"featured_media":0,"parent":6,"menu_order":0,"comment_status":"closed","ping_status":"closed","template":"","meta":{"_monsterinsights_skip_tracking":false,"_monsterinsights_sitenote_active":false,"_monsterinsights_sitenote_note":"","_monsterinsights_sitenote_category":0,"footnotes":""},"class_list":["post-1359","page","type-page","status-publish","hentry"],"_links":{"self":[{"href":"https:\/\/www.folkvangboligselskap.no\/index.php?rest_route=\/wp\/v2\/pages\/1359","targetHints":{"allow":["GET"]}}],"collection":[{"href":"https:\/\/www.folkvangboligselskap.no\/index.php?rest_route=\/wp\/v2\/pages"}],"about":[{"href":"https:\/\/www.folkvangboligselskap.no\/index.php?rest_route=\/wp\/v2\/types\/page"}],"author":[{"embeddable":true,"href":"https:\/\/www.folkvangboligselskap.no\/index.php?rest_route=\/wp\/v2\/users\/104"}],"replies":[{"embeddable":true,"href":"https:\/\/www.folkvangboligselskap.no\/index.php?rest_route=%2Fwp%2Fv2%2Fcomments&post=1359"}],"version-history":[{"count":9,"href":"https:\/\/www.folkvangboligselskap.no\/index.php?rest_route=\/wp\/v2\/pages\/1359\/revisions"}],"predecessor-version":[{"id":1370,"href":"https:\/\/www.folkvangboligselskap.no\/index.php?rest_route=\/wp\/v2\/pages\/1359\/revisions\/1370"}],"up":[{"embeddable":true,"href":"https:\/\/www.folkvangboligselskap.no\/index.php?rest_route=\/wp\/v2\/pages\/6"}],"wp:attachment":[{"href":"https:\/\/www.folkvangboligselskap.no\/index.php?rest_route=%2Fwp%2Fv2%2Fmedia&parent=1359"}],"curies":[{"name":"wp","href":"https:\/\/api.w.org\/{rel}","templated":true}]}}