{"id":1217,"date":"2020-01-18T07:37:46","date_gmt":"2020-01-18T06:37:46","guid":{"rendered":"http:\/\/www.folkvangboligselskap.no\/?page_id=1217"},"modified":"2026-02-26T08:26:30","modified_gmt":"2026-02-26T07:26:30","slug":"container","status":"publish","type":"page","link":"https:\/\/www.folkvangboligselskap.no\/?page_id=1217","title":{"rendered":"Container"},"content":{"rendered":"\n<figure class=\"wp-block-image is-resized\"><img loading=\"lazy\" decoding=\"async\" src=\"http:\/\/www.folkvangboligselskap.no\/wp-content\/uploads\/2017\/01\/Container.png\" alt=\"\" class=\"wp-image-422\" width=\"173\" height=\"104\"\/><\/figure>\n\n\n\n<p><strong>Fire<\/strong> ganger i \u00e5ret bestiller Folkvang inn container til annet s\u00f8ppel. <br>Heller ikke her skal det kastes spesialavfall, dette m\u00e5 leveres inn til egnet sted for dette, (bensinstasjon med milj\u00f8stasjon for spesialavfall eller kommunens milj\u00f8stasjon). <br><strong>N\u00e6rmeste mottaksplass er  <\/strong><a href=\"https:\/\/www.oslo.kommune.no\/avfall-og-gjenvinning\/alle-gjenbruksstasjoner\/bentsehjornet-minigjenbruksstasjon\/#gref\">Bentsehj\u00f8rnet minigjenbruksstasjon<\/a><strong><br>Adresse: Bentsebrugata 11c, 0476 OSLO<\/strong><br><a href=\"https:\/\/www.google.no\/maps\/dir\/Folkvang+Boligselskap+AS,+Brettevilles+gate,+Oslo\/Bentsebrugata+11C,+0476+Oslo\/@59.9385959,10.7625489,16z\/data=!3m1!4b1!4m14!4m13!1m5!1m1!1s0x46416e3d8b03ecbd:0xde6334cf6b6b9049!2m2!1d10.7732672!2d59.9408912!1m5!1m1!1s0x46416e1497e82c3f:0x48cb4af10b25594e!2m2!1d10.7626206!2d59.9358554!3e2\">Veibeskrivelse her \ud83d\ude42<\/a><\/p>\n\n\n\n<p class=\"has-text-color has-background has-very-light-gray-color has-vivid-red-background-color\">NB! Spesialavfall skal IKKE under noen omstendigheter opp i containeren &#8211; (Malingrester, l\u00f8semidler, batterier, elektrisk utstyr etc.) &#8211; Det skal leveres p\u00e5 n\u00e6rmeste milj\u00f8stasjon!  Det er viktig at det ikke kastes spesialavfall i containeren da Folkvang blir fakturert pr. ukurant enhet som er kastet i containeren og dette prises etter st\u00f8rrelse og type. Eksempel malingspann som kastes feil tilkommer ett <strong>gebyr p\u00e5 kr. 1000,-<\/strong> som faktureres Folkvang!!<br>Dette er pr. dags dato en <strong>stor ekstrakostnad<\/strong> for Folkvang. <br>Det er viktig at vi er bevisste p\u00e5 hva som kastes og hvor det kastes!<br><\/p>\n\n\n\n<p>Det blir bestilt t\u00f8mming s\u00e5 snart containeren er full.<br>Logistikk p\u00e5 container er at det bestilles t\u00f8mming eller avslutning n\u00e5r den full.<br>Det er mange som sp\u00f8r hvilken dag den skal avsluttes, men det er litt vanskelig \u00e5 sp\u00e5 da det \u00f8nskes at den er helt full, s\u00e5 vi ikke betaler for luft ved avslutning. <br>Men i utgangspunktet har vi container i 14 dager + ? <\/p>\n\n\n\n<p><strong>Fra 1. september 2019<\/strong> innf\u00f8rte Norsk Gjenvinning forbud mot \u00e5 levere avfall i sorte eller fargede s\u00f8ppelsekker. (gjelder ikke transparente) <br><strong>Bruk bare gjennomsiktige sekker!<\/strong><br><\/p>\n\n\n\n<figure class=\"wp-block-image\"><img loading=\"lazy\" decoding=\"async\" width=\"1024\" height=\"614\" src=\"http:\/\/www.folkvangboligselskap.no\/wp-content\/uploads\/2020\/01\/Forbud-sort-s\u00f8ppelsekk-m_kryss-3-1024x614.jpg\" alt=\"\" class=\"wp-image-1388\" srcset=\"https:\/\/www.folkvangboligselskap.no\/wp-content\/uploads\/2020\/01\/Forbud-sort-s\u00f8ppelsekk-m_kryss-3-1024x614.jpg 1024w, https:\/\/www.folkvangboligselskap.no\/wp-content\/uploads\/2020\/01\/Forbud-sort-s\u00f8ppelsekk-m_kryss-3-300x180.jpg 300w, https:\/\/www.folkvangboligselskap.no\/wp-content\/uploads\/2020\/01\/Forbud-sort-s\u00f8ppelsekk-m_kryss-3-768x461.jpg 768w, https:\/\/www.folkvangboligselskap.no\/wp-content\/uploads\/2020\/01\/Forbud-sort-s\u00f8ppelsekk-m_kryss-3-500x300.jpg 500w, https:\/\/www.folkvangboligselskap.no\/wp-content\/uploads\/2020\/01\/Forbud-sort-s\u00f8ppelsekk-m_kryss-3.jpg 1280w\" sizes=\"auto, (max-width: 1024px) 100vw, 1024px\" \/><\/figure>\n\n\n\n<p style=\"font-size:24px\"><br>Kalender oversikt for utplassering av container.<\/p>\n\n\n\n<iframe loading=\"lazy\" src=\"https:\/\/calendar.google.com\/calendar\/embed?height=600&amp;wkst=2&amp;ctz=Europe%2FOslo&amp;showPrint=0&amp;src=dGl1MW5hM2RrcjMydWhuMWdxaTQyNWNkYThAZ3JvdXAuY2FsZW5kYXIuZ29vZ2xlLmNvbQ&amp;color=%230b8043\" style=\"border:solid 1px #777\" width=\"800\" height=\"600\" frameborder=\"0\" scrolling=\"no\"><\/iframe>\n\n\n\n<h4 class=\"wp-block-heading\"> <br><strong>Mandag 27 april 2026 kommer;<\/strong><br><strong>10m\u00b3 container for blandet avfall. +  <\/strong><br><strong>Container til elektrisk avfall<\/strong>  <\/h4>\n\n\n\n<p class=\"has-background has-light-green-cyan-background-color\">De vil bli st\u00e5ende <strong>ca.<\/strong> 14 dager.<br>Hvorfor Ca.? Dette for at det blir bestilt avslutning av containeren n\u00e5r den blir helt full. (dette for at vi ikke skal betale for en halvfull container.)<br><strong>Maling , Gips og annet farlig avfall tar vi ikke i mot!!!<\/strong><br>Det blir bestilt ny container kontinuerlig n\u00e5r den blir full, v\u00e6r s\u00e5 snill \u00e5 ikke sette materiale p\u00e5 utsiden eller fylle den for full! <br><strong>Container til elektrisk avfall. <\/strong><br>Har vi 1. gang i \u00e5ret. april\/mai  i forbindelse med dugnad.<br>F\u00f8lg med p\u00e5 kalenderen for n\u00e6rmere dato.<\/p>\n\n\n\n<p><\/p>\n","protected":false},"excerpt":{"rendered":"<p>Fire ganger i \u00e5ret bestiller Folkvang inn container til annet s\u00f8ppel. Heller ikke her skal det kastes spesialavfall, dette m\u00e5 leveres inn til egnet sted for dette, (bensinstasjon med milj\u00f8stasjon for spesialavfall eller kommunens milj\u00f8stasjon). N\u00e6rmeste mottaksplass er Bentsehj\u00f8rnet minigjenbruksstasjonAdresse: &hellip; <a href=\"https:\/\/www.folkvangboligselskap.no\/?page_id=1217\">Les videre <span class=\"meta-nav\">&rarr;<\/span><\/a><\/p>\n","protected":false},"author":104,"featured_media":0,"parent":8,"menu_order":0,"comment_status":"closed","ping_status":"closed","template":"","meta":{"_monsterinsights_skip_tracking":false,"_monsterinsights_sitenote_active":false,"_monsterinsights_sitenote_note":"","_monsterinsights_sitenote_category":0,"footnotes":""},"class_list":["post-1217","page","type-page","status-publish","hentry"],"_links":{"self":[{"href":"https:\/\/www.folkvangboligselskap.no\/index.php?rest_route=\/wp\/v2\/pages\/1217","targetHints":{"allow":["GET"]}}],"collection":[{"href":"https:\/\/www.folkvangboligselskap.no\/index.php?rest_route=\/wp\/v2\/pages"}],"about":[{"href":"https:\/\/www.folkvangboligselskap.no\/index.php?rest_route=\/wp\/v2\/types\/page"}],"author":[{"embeddable":true,"href":"https:\/\/www.folkvangboligselskap.no\/index.php?rest_route=\/wp\/v2\/users\/104"}],"replies":[{"embeddable":true,"href":"https:\/\/www.folkvangboligselskap.no\/index.php?rest_route=%2Fwp%2Fv2%2Fcomments&post=1217"}],"version-history":[{"count":106,"href":"https:\/\/www.folkvangboligselskap.no\/index.php?rest_route=\/wp\/v2\/pages\/1217\/revisions"}],"predecessor-version":[{"id":2861,"href":"https:\/\/www.folkvangboligselskap.no\/index.php?rest_route=\/wp\/v2\/pages\/1217\/revisions\/2861"}],"up":[{"embeddable":true,"href":"https:\/\/www.folkvangboligselskap.no\/index.php?rest_route=\/wp\/v2\/pages\/8"}],"wp:attachment":[{"href":"https:\/\/www.folkvangboligselskap.no\/index.php?rest_route=%2Fwp%2Fv2%2Fmedia&parent=1217"}],"curies":[{"name":"wp","href":"https:\/\/api.w.org\/{rel}","templated":true}]}}